9*p**2 + 1051*p - 354. Determine a(-117).
-120
Let j(p) = -p**3 - 20*p**2 + 118*p + 754. Calculate j(8).
-94
Let b(u) = -14*u**3 - 817*u**2 - 298*u - 499. Give b(-58).
-35
Let u(q) = 13*q**2 + 17*q - 715. Give u(8).
253
Let n(c) = -4816*c**2 + 81873*c - 7. Calculate n(17).
10
Let b(d) = -d**3 - 81*d**2 + 583*d + 14. Give b(7).
-217
Let z(g) = -1143*g - 152054. Calculate z(-133).
-35
Let o(c) = -762*c + 123391. Determine o(162).
-53
Let x(l) = 10*l**3 - 1116*l**2 - 23330*l - 36. What is x(-18)?
0
Let h(r) = 3697*r - 40645. Give h(11).
22
Let d(z) = z**3 + 88*z**2 + 599*z - 14094. Calculate d(-78).
24
Let a(h) = -3*h**3 + 13*h**2 - 28*h + 4. Calculate a(8).
-924
Let c(h) = -17005*h - 3911126. Calculate c(-230).
24
Let s(y) = 33*y**3 - 6433*y**2 - 404*y + 2731. Give s(195).
1
Let d(t) = -34613*t - 346053. Give d(-10).
77
Let v(f) = 179*f + 16153. Give v(-101).
-1926
Let k(s) = -152*s**2 - 8051*s + 260. Determine k(-53).
-5
Let p(s) = 7*s**2 - 6252*s - 25009. Determine p(-4).
111
Let j(p) = 2*p**2 + 1545*p + 103376. Give j(-74).
-2
Let o(t) = 24545*t + 1129044. Determine o(-46).
-26
Let v(p) = -6*p**2 - 1414*p + 17129. Give v(12).
-703
Let y(b) = -8*b**2 + 1551*b - 4381. Determine y(191).
12
Let a(t) = 6426*t - 70789. Calculate a(11).
-103
Let m(s) = -3*s**2 - 46*s + 1257. Give m(13).
152
Let o(b) = 2*b**3 + 2577*b**2 - 22*b - 76. Give o(0).
-76
Let f(w) = -2*w**2 + 78*w - 298. Determine f(9).
242
Let o(z) = -12*z**3 + 299*z**2 - 57*z + 2003. Calculate o(25).
-47
Let k(c) = 2*c**3 + 145*c**2 - 367*c - 714. What is k(-75)?
-1314
Let f(y) = -y**3 - 673*y**2 + 77292*y + 792. Calculate f(100).
-8
Let h(a) = -8*a**2 - 332*a + 1042. Give h(3).
-26
Let m(y) = -10973*y + 1152229. Give m(105).
64
Let o(g) = -g**3 + 216*g**2 + 988*g - 23577. Calculate o(220).
183
Let h(q) = -q**2 + 179*q + 23144. Determine h(-87).
2
Let a(q) = q**3 + 853*q**2 + 3179*q - 184240. Calculate a(-849).
-7
Let p(n) = 9775*n + 498537. Determine p(-51).
12
Let z(w) = 4625*w - 37000. Determine z(8).
0
Let g(s) = -9*s**3 - 276*s**2 - 734*s + 33. Give g(-3).
-6
Let a(l) = -l**3 - 41*l**2 + 464*l - 422. Calculate a(-50).
-1122
Let f(u) = 8*u**2 + 1187*u + 35936. Give f(-106).
2
Let y(n) = -11*n**2 + 1170*n - 10004. What is y(97)?
-13
Let l(t) = 7*t**2 - 71375*t + 1922011. Determine l(27).
-11
Let u(o) = -31311*o - 31320. Determine u(-1).
-9
Let a(n) = 2*n**2 - 903*n + 60771. Calculate a(84).
-969
Let n(x) = -6*x**2 - 313*x + 3884. Give n(-63).
-211
Let o(s) = 2184*s - 1482931. What is o(679)?
5
Let d(p) = p**3 + 51*p**2 - 1992*p - 21462. Give d(-74).
-2
Let j(a) = -a**2 + 237*a + 2929. Give j(-12).
-59
Let a(u) = -13077*u - 954659. Calculate a(-73).
-38
Let h(p) = -p**3 + 58*p**2 - 30*p + 9023. Determine h(60).
23
Let a(f) = -f**2 - 630*f - 72727. Give a(-152).
-71
Let y(p) = 66965*p + 4888465. Give y(-73).
20
Let h(g) = -5*g**2 + 2237*g - 8886. Calculate h(4).
-18
Let w(t) = 96014*t + 768074. What is w(-8)?
-38
Let y(z) = -z**3 + 96*z**2 - 707*z + 250. What is y(88)?
-14
Let g(x) = x**2 - 475*x + 2446. Give g(5).
96
Let v(o) = 2191*o - 63554. Give v(29).
-15
Let n(i) = 80*i**2 + 7*i - 328. Calculate n(2).
6
Let s(t) = 172*t + 25639. What is s(-120)?
4999
Let b(a) = -33753*a - 4455405. Give b(-132).
-9
Let n(m) = -60*m - 229. Determine n(-20).
971
Let f(g) = -5069*g + 101373. Give f(20).
-7
Let a(n) = -7802*n - 7795. Give a(-1).
7
Let p(l) = l**2 - 897*l - 660954. Calculate p(-480).
6
Let i(v) = -462*v - 78032. What is i(-169)?
46
Let d(q) = -2*q**2 + 154*q + 3039. Calculate d(93).
63
Let p(s) = 87*s - 10600. Calculate p(90).
-2770
Let t(o) = -4*o**3 + 438*o - 857. What is t(2)?
-13
Let z(l) = -17*l**2 + 773*l - 1077. Calculate z(44).
23
Let t(j) = 61*j**2 - 31*j + 114. Calculate t(6).
2124
Let q(r) = 2622167*r + 7866510. Calculate q(-3).
9
Let w(z) = 148*z**2 - 653*z - 753. Determine w(6).
657
Let j(b) = -10*b**2 + 1059*b - 1171. Give j(104).
805
Let j(d) = 881*d**2 - 32595*d + 12. Calculate j(37).
86
Let k(w) = -w**3 + 59*w**2 - 587*w - 86. Calculate k(13).
57
Let s(m) = 3*m**3 - 2*m**2 - 61*m + 269. Calculate s(8).
1189
Let h(x) = 581*x - 9727. What is h(19)?
1312
Let l(b) = 2*b**3 - 281*b**2 + 203*b - 8909. Calculate l(140).
-89
Let t(q) = -5*q**3 - 237*q**2 + 144*q + 70. Determine t(-48).
70
Let y(n) = 2046*n + 24783. Determine y(-12).
231
Let y(n) = -3492*n**3 - 155*n**2 - 159*n - 5. Calculate y(-1).
3491
Let a(f) = -7916*f - 110726. Give a(-14).
98
Let h(g) = -6*g**2 + 1237*g - 4946. Give h(4).
-94
Let s(p) = -2*p**3 - 19*p**2 + 788*p + 5773. Calculate s(-7).
12
Let i(n) = 677*n + 25709. Determine i(-38).
-17
Let f(k) = -4859*k**2 + 19436*k - 11. What is f(4)?
-11
Let o(a) = -a**3 - 6*a**2 + 44*a + 18. What is o(-10)?
-22
Let l(u) = -u**3 - 508*u**2 - 56917*u + 5009. Give l(-167).
-1
Let j(n) = -21*n**2 + 7770*n - 45867. Determine j(6).
-3
Let c(r) = -70*r - 992. What is c(-14)?
-12
Let h(i) = -159*i - 2222. Calculate h(-20).
958
Let j(s) = -6916*s - 48413. What is j(-7)?
-1
Let x(j) = -j**3 - 31*j**2 - 130*j - 183. Calculate x(-27).
411
Let k(b) = -227*b + 877. What is k(4)?
-31
Let s(p) = 70*p**2 + 7468*p + 130412. Determine s(-22).
-4
Let t(q) = -q**3 - 34*q**2 - 202*q - 331. Give t(-29).
1322
Let k(f) = 6*f**2 - 2205*f - 15416. Give k(-7).
313
Let v(a) = -74140*a + 222298. What is v(3)?
-122
Let q(i) = 4*i**2 + 3225*i - 12897. Give q(4).
67
Let h(c) = -29*c**2 - 6075*c + 42493. What is h(7)?
-1453
Let w(k) = 2*k**2 - 507*k - 50736. Give w(-77).
161
Let m(v) = 4080*v + 1081200. What is m(-265)?
0
Let t(b) = 2*b**2 + 2261*b + 72688. Give t(-33).
253
Let u(w) = 7*w**3 + 22*w**2 + 281*w - 584. Determine u(2).
122
Let m(a) = 2*a**3 + 64*a**2 - 15*a - 465. What is m(-32)?
15
Let z(f) = 3*f**3 + 65*f**2 - 19*f - 87. Calculate z(-22).
-153
Let q(i) = -2*i**3 + 288*i**2 - 539*i - 4193. Determine q(142).
-75
Let x(k) = 4*k**2 + 282*k + 440. Determine x(-66).
-748
Let l(q) = -3*q**2 - 5822*q + 17478. Give l(3).
-15
Let z(y) = 368*y**2 + 3316*y + 60. Give z(-9).
24
Let b(r) = r**3 - 239*r**2 + 13243*r - 18737. What is b(84)?
-5
Let v(f) = -69791*f + 907355. What is v(13)?
72
Let w(i) = i**3 + 53*i**2 + 228*i - 5896. Calculate w(-45).
44
Let p(o) = -o**3 - 15*o**2 + 634*o - 34. Determine p(-34).
374
Let c(n) = -1764*n - 26539. What is c(-15)?
-79
Let c(b) = b**3 + 69*b**2 + 3995*b + 21711. Calculate c(-6).
9
Let x(m) = -15*m**3 - 974*m**2 + 118*m + 3471. Calculate x(-65).
26
Let g(u) = 1247*u + 649678. Give g(-521).
-9
Let l(z) = -2212*z + 314107. Determine l(142).
3
Let g(j) = -48448*j + 629984. Determine g(13).
160
Let m(z) = -z**3 - 5756*z**2 + 28822*z - 80. Determine m(5).
5
Let d(j) = 276307*j - 828934. Calculate d(3).
-13
Let a(r) = 271*r + 24891. Calculate a(-93).
-312
Let s(k) = -156*k - 7673. Give s(-49).
-29
Let q(w) = 12*w**2 + 424*w + 747. Determine q(-33).
-177
Let k(n) = -2*n**3 - 57*n**2 + 358*n + 3. Give k(0).
3
Let p(l) = -l**3 + 62*l**2 + 399*l + 701. Determine p(68).
89
Let m(x) = -2*x**3 - 186*x**2 - 3411*x - 742. Give m(-68).
6
Let g(b) = -304*b + 49246. Calculate g(162).
-2
Let h(j) = j**2 - 41993*j - 5138025. What is h(-122)?
5
Let r(i) = 5*i**2 - 2256*i + 109426. What is r(396)?
130
Let o(i) = -i**2 + 8386*i - 41903. Give o(5).
2
Let x(o) = o**3 - 14*o**2 + 5*o + 188. Give x(7).
-120
Let z(m) = -445*m**2 - 2006*m + 9. What is z(-5)?
-1086
Let z(t) = 7373*t + 541. Determine z(0).
541
Let r(s) = -2600*s - 271690. Give r(-105).
1310
Let y(k) = -k**3 - 179*k**2 + 1680*k + 21. Give y(9).
-87
Let b(x) = -3460*x + 3391. Give b(1).
-69
Let y(h) = 22*h**2 - 1499*h + 11462. Give y(9).
-247
Let j(f) = -f**2 - 5260*f - 546323. What is j(-106)?
1
Let i(n) = 3*n**3 + 43*n**2 + 100*n - 77. Calculate i(-3).
-71
Let d(p) = -16*p**2 + 9*p - 50. Determine d(4).
-270
Let i(w) = 2*w**3 - 75*w**2 - 2229*w + 206. Give i(57).
-136
Let n(o) = -13*o**3 + 340*o**2 - 49*o + 32. Determine n(26).
110
Let i(y) = 15*y**2 + 44*y - 3853. Calculate i(-14).
-1529
Let w(n) = 3*n**3 - 4*n**2 + 39*n + 174. Calculate w(-4).
-238
Let p(v) = -4*v**3 + 35*v**2 - 951*v + 7472. Calculate p(8).
56
Let c(k) = 13811*k + 262444. Calculate c(-19).
35
Let m(d) = d**2 - 11328*d - 73. What is m(0)?
-73
Let d(o) = 23259*o + 186074. Determine d(-8).
2
Let b(g) = 2*g**2 - 24173*g + 6772919. What is b(287)?
6
Let s(